{"id":1563,"date":"2023-07-03T17:59:49","date_gmt":"2023-07-03T15:59:49","guid":{"rendered":"https:\/\/mimajeur.mehdikennouche.com\/?page_id=1563"},"modified":"2023-07-03T19:09:54","modified_gmt":"2023-07-03T17:09:54","slug":"demande-dinscription","status":"publish","type":"page","link":"https:\/\/mimajeur.mehdikennouche.com\/index.php\/demande-dinscription\/","title":{"rendered":"Demande d&#8217;inscription"},"content":{"rendered":"\t\t<div data-elementor-type=\"wp-page\" data-elementor-id=\"1563\" class=\"elementor elementor-1563\">\n\t\t\t\t\t\t\t\t\t<section class=\"elementor-section elementor-top-section elementor-element elementor-element-65bdde1 elementor-section-boxed elementor-section-height-default elementor-section-height-default\" data-id=\"65bdde1\" data-element_type=\"section\">\n\t\t\t\t\t\t<div class=\"elementor-container elementor-column-gap-default\">\n\t\t\t\t\t<div class=\"elementor-column elementor-col-100 elementor-top-column elementor-element elementor-element-a37b332\" data-id=\"a37b332\" data-element_type=\"column\">\n\t\t\t<div class=\"elementor-widget-wrap\">\n\t\t\t\t\t\t\t\t\t<\/div>\n\t\t<\/div>\n\t\t\t\t\t\t\t<\/div>\n\t\t<\/section>\n\t\t\t\t<section class=\"elementor-section elementor-top-section elementor-element elementor-element-042309a elementor-section-boxed elementor-section-height-default elementor-section-height-default\" data-id=\"042309a\" data-element_type=\"section\" data-settings=\"{&quot;background_background&quot;:&quot;classic&quot;}\">\n\t\t\t\t\t\t\t<div class=\"elementor-background-overlay\"><\/div>\n\t\t\t\t\t\t\t<div class=\"elementor-container elementor-column-gap-default\">\n\t\t\t\t\t<div class=\"elementor-column elementor-col-100 elementor-top-column elementor-element elementor-element-bc9b7f9\" data-id=\"bc9b7f9\" data-element_type=\"column\" data-settings=\"{&quot;background_background&quot;:&quot;classic&quot;}\">\n\t\t\t<div class=\"elementor-widget-wrap elementor-element-populated\">\n\t\t\t\t\t\t\t\t<div class=\"elementor-element elementor-element-acb4390 elementor-widget elementor-widget-heading\" data-id=\"acb4390\" data-element_type=\"widget\" data-widget_type=\"heading.default\">\n\t\t\t\t<div class=\"elementor-widget-container\">\n\t\t\t<style>\/*! elementor - v3.16.0 - 20-09-2023 *\/\n.elementor-heading-title{padding:0;margin:0;line-height:1}.elementor-widget-heading .elementor-heading-title[class*=elementor-size-]>a{color:inherit;font-size:inherit;line-height:inherit}.elementor-widget-heading .elementor-heading-title.elementor-size-small{font-size:15px}.elementor-widget-heading .elementor-heading-title.elementor-size-medium{font-size:19px}.elementor-widget-heading .elementor-heading-title.elementor-size-large{font-size:29px}.elementor-widget-heading .elementor-heading-title.elementor-size-xl{font-size:39px}.elementor-widget-heading .elementor-heading-title.elementor-size-xxl{font-size:59px}<\/style><h2 class=\"elementor-heading-title elementor-size-default\">Demande D'inscription<\/h2>\t\t<\/div>\n\t\t\t\t<\/div>\n\t\t\t\t<div class=\"elementor-element elementor-element-96cfc66 eael-contact-form-7-button-align-left eael-contact-form-7-button-custom elementor-widget elementor-widget-eael-contact-form-7\" data-id=\"96cfc66\" data-element_type=\"widget\" data-widget_type=\"eael-contact-form-7.default\">\n\t\t\t\t<div class=\"elementor-widget-container\">\n\t\t\t<div class=\"eael-contact-form-7-wrapper\">\n                <div class=\"eael-contact-form eael-contact-form-7 eael-contact-form-96cfc66 placeholder-show eael-contact-form-align-default\">\n<div class=\"wpcf7 no-js\" id=\"wpcf7-f1562-o1\" lang=\"fr-FR\" dir=\"ltr\">\n<div class=\"screen-reader-response\"><p role=\"status\" aria-live=\"polite\" aria-atomic=\"true\"><\/p> <ul><\/ul><\/div>\n<form action=\"\/index.php\/wp-json\/wp\/v2\/pages\/1563#wpcf7-f1562-o1\" method=\"post\" class=\"wpcf7-form init\" aria-label=\"Formulaire de contact\" novalidate=\"novalidate\" data-status=\"init\">\n<div style=\"display: none;\">\n<input type=\"hidden\" name=\"_wpcf7\" value=\"1562\" \/>\n<input type=\"hidden\" name=\"_wpcf7_version\" value=\"5.8.1\" \/>\n<input type=\"hidden\" name=\"_wpcf7_locale\" value=\"fr_FR\" \/>\n<input type=\"hidden\" name=\"_wpcf7_unit_tag\" value=\"wpcf7-f1562-o1\" \/>\n<input type=\"hidden\" name=\"_wpcf7_container_post\" value=\"0\" \/>\n<input type=\"hidden\" name=\"_wpcf7_posted_data_hash\" value=\"\" \/>\n<\/div>\n<p><label> Madame :<br \/>\n<span class=\"wpcf7-form-control-wrap\" data-name=\"nomprenom\"><input size=\"40\" class=\"wpcf7-form-control wpcf7-text wpcf7-validates-as-required\" aria-required=\"true\" aria-invalid=\"false\" placeholder=\"Nom &amp; Pr\u00e9nom\" value=\"\" type=\"text\" name=\"nomprenom\" \/><\/span> <\/label>\n<\/p>\n<p><label> Adresse :<br \/>\n<span class=\"wpcf7-form-control-wrap\" data-name=\"adresse\"><input size=\"40\" class=\"wpcf7-form-control wpcf7-text wpcf7-validates-as-required\" aria-required=\"true\" aria-invalid=\"false\" placeholder=\"Adresse\" value=\"\" type=\"text\" name=\"adresse\" \/><\/span> <\/label>\n<\/p>\n<p><label> Num\u00e9ro de t\u00e9l\u00e9phone :<br \/>\n<span class=\"wpcf7-form-control-wrap\" data-name=\"telephone\"><input size=\"40\" class=\"wpcf7-form-control wpcf7-tel wpcf7-validates-as-required wpcf7-text wpcf7-validates-as-tel\" aria-required=\"true\" aria-invalid=\"false\" placeholder=\"Num\u00e9ro de t\u00e9l\u00e9phone\" value=\"\" type=\"tel\" name=\"telephone\" \/><\/span><\/label>\n<\/p>\n<p><label> Email :<br \/>\n<span class=\"wpcf7-form-control-wrap\" data-name=\"mimajeuremail\"><input size=\"40\" class=\"wpcf7-form-control wpcf7-email wpcf7-validates-as-required wpcf7-text wpcf7-validates-as-email\" aria-required=\"true\" aria-invalid=\"false\" placeholder=\"Email\" value=\"\" type=\"email\" name=\"mimajeuremail\" \/><\/span><\/label>\n<\/p>\n<p>&nbsp;&nbsp;<br \/>\n<hr \/><br \/>\n&nbsp;&nbsp;\n<\/p>\n<p><label> Tarifs et mode de r\u00e8glement <a href=\"http:\/\/mimajeur.mehdikennouche.com\/wp-content\/uploads\/2023\/07\/Tarifs2023.pdf\" target=\"_blank\"> Voir nos tarifs<\/a> :<br \/>\n<span class=\"wpcf7-form-control-wrap\" data-name=\"modedereglement\"><span class=\"wpcf7-form-control wpcf7-checkbox wpcf7-validates-as-required\"><span class=\"wpcf7-list-item first\"><label><input type=\"checkbox\" name=\"modedereglement[]\" value=\"Trimestriel par ch\u00e8ques\" \/><span class=\"wpcf7-list-item-label\">Trimestriel par ch\u00e8ques<\/span><\/label><\/span><span class=\"wpcf7-list-item\"><label><input type=\"checkbox\" name=\"modedereglement[]\" value=\"Annuel par ch\u00e8que\" \/><span class=\"wpcf7-list-item-label\">Annuel par ch\u00e8que<\/span><\/label><\/span><span class=\"wpcf7-list-item last\"><label><input type=\"checkbox\" name=\"modedereglement[]\" value=\"Annuel par virement\" \/><span class=\"wpcf7-list-item-label\">Annuel par virement<\/span><\/label><\/span><\/span><\/span><\/label>\n<\/p>\n<p><label> Nom du payeur si diff\u00e8rent de celui de l'adh\u00e8rent.<br \/>\n<span class=\"wpcf7-form-control-wrap\" data-name=\"nomdupayeur\"><input size=\"40\" class=\"wpcf7-form-control wpcf7-text\" aria-invalid=\"false\" placeholder=\"Nom\" value=\"\" type=\"text\" name=\"nomdupayeur\" \/><\/span><\/label>\n<\/p>\n<p><label>J'autorise Mi Majeur \u00e0 utiliser mon image pour promouvoir ses activit\u00e9s ou produire des supports<br \/>\nvid\u00e9os ou photographiques destin\u00e9s \u00eatre diffus\u00e9s aupr\u00e8s de ses membres.<br \/>\n<span class=\"wpcf7-form-control-wrap\" data-name=\"image\"><span class=\"wpcf7-form-control wpcf7-radio\"><span class=\"wpcf7-list-item first\"><label><input type=\"radio\" name=\"image\" value=\"Oui\" checked=\"checked\" \/><span class=\"wpcf7-list-item-label\">Oui<\/span><\/label><\/span><span class=\"wpcf7-list-item last\"><label><input type=\"radio\" name=\"image\" value=\"Non\" \/><span class=\"wpcf7-list-item-label\">Non<\/span><\/label><\/span><\/span><\/span><\/label>\n<\/p>\n<p><label>J'autorise Mi Majeur \u00e0 diffuser mes coordonn\u00e9es aupr\u00e8s des \u00e9l\u00e8ves du ch\u0153ur dont je fais partie.<br \/>\n<span class=\"wpcf7-form-control-wrap\" data-name=\"autorisationcoordonnees\"><span class=\"wpcf7-form-control wpcf7-radio\"><span class=\"wpcf7-list-item first\"><label><input type=\"radio\" name=\"autorisationcoordonnees\" value=\"Oui\" checked=\"checked\" \/><span class=\"wpcf7-list-item-label\">Oui<\/span><\/label><\/span><span class=\"wpcf7-list-item last\"><label><input type=\"radio\" name=\"autorisationcoordonnees\" value=\"Non\" \/><span class=\"wpcf7-list-item-label\">Non<\/span><\/label><\/span><\/span><\/span><\/label>\n<\/p>\n<p><label>J'ai lu et accepte le r\u00e8glement<br \/>\n<span class=\"wpcf7-form-control-wrap\" data-name=\"reglementinterieur\"><span class=\"wpcf7-form-control wpcf7-checkbox wpcf7-validates-as-required\"><span class=\"wpcf7-list-item first last\"><label><input type=\"checkbox\" name=\"reglementinterieur[]\" value=\"R\u00e8glement Int\u00e9rieur\" \/><span class=\"wpcf7-list-item-label\">R\u00e8glement Int\u00e9rieur<\/span><\/label><\/span><\/span><\/span> <a href=\"http:\/\/mimajeur.mehdikennouche.com\/wp-content\/uploads\/2023\/07\/fiche-inscription-2023.pdf\" target=\"_blank\">PDF<\/a><\/label>\n<\/p>\n<p>&nbsp;&nbsp;\n<\/p>\n<p><span style=\" display:block; margin: 0 auto;\"><input class=\"wpcf7-form-control wpcf7-submit has-spinner\" type=\"submit\" value=\"Envoyer\" \/><\/span>\n<\/p><div class=\"wpcf7-response-output\" aria-hidden=\"true\"><\/div>\n<\/form>\n<\/div>\n<\/div>\n            <\/div>\t\t<\/div>\n\t\t\t\t<\/div>\n\t\t\t\t\t<\/div>\n\t\t<\/div>\n\t\t\t\t\t\t\t<\/div>\n\t\t<\/section>\n\t\t\t\t\t\t\t<\/div>\n\t\t","protected":false},"excerpt":{"rendered":"<p>Demande D&#8217;inscription Madame : Adresse : Num\u00e9ro de t\u00e9l\u00e9phone : Email : Tarifs et mode de r\u00e8glement Voir nos tarifs : Trimestriel par ch\u00e8quesAnnuel par ch\u00e8queAnnuel par virement Nom du payeur si diff\u00e8rent de celui de l&#8217;adh\u00e8rent. J&#8217;autorise Mi Majeur \u00e0 utiliser mon image pour promouvoir ses activit\u00e9s ou produire des supports vid\u00e9os ou photographiques&#8230;<\/p>\n","protected":false},"author":1,"featured_media":0,"parent":0,"menu_order":0,"comment_status":"closed","ping_status":"closed","template":"","meta":{"_kad_post_transparent":"","_kad_post_title":"hide","_kad_post_layout":"fullwidth","_kad_post_sidebar_id":"","_kad_post_content_style":"unboxed","_kad_post_vertical_padding":"hide","_kad_post_feature":"hide","_kad_post_feature_position":"","_kad_post_header":false,"_kad_post_footer":false,"footnotes":""},"_links":{"self":[{"href":"https:\/\/mimajeur.mehdikennouche.com\/index.php\/wp-json\/wp\/v2\/pages\/1563"}],"collection":[{"href":"https:\/\/mimajeur.mehdikennouche.com\/index.php\/wp-json\/wp\/v2\/pages"}],"about":[{"href":"https:\/\/mimajeur.mehdikennouche.com\/index.php\/wp-json\/wp\/v2\/types\/page"}],"author":[{"embeddable":true,"href":"https:\/\/mimajeur.mehdikennouche.com\/index.php\/wp-json\/wp\/v2\/users\/1"}],"replies":[{"embeddable":true,"href":"https:\/\/mimajeur.mehdikennouche.com\/index.php\/wp-json\/wp\/v2\/comments?post=1563"}],"version-history":[{"count":22,"href":"https:\/\/mimajeur.mehdikennouche.com\/index.php\/wp-json\/wp\/v2\/pages\/1563\/revisions"}],"predecessor-version":[{"id":1598,"href":"https:\/\/mimajeur.mehdikennouche.com\/index.php\/wp-json\/wp\/v2\/pages\/1563\/revisions\/1598"}],"wp:attachment":[{"href":"https:\/\/mimajeur.mehdikennouche.com\/index.php\/wp-json\/wp\/v2\/media?parent=1563"}],"curies":[{"name":"wp","href":"https:\/\/api.w.org\/{rel}","templated":true}]}}